{"id":235,"date":"2025-05-03T07:15:04","date_gmt":"2025-05-03T07:15:04","guid":{"rendered":"https:\/\/flamboyant-elion.62-116-169-194.plesk.page\/?page_id=235"},"modified":"2025-06-06T11:30:27","modified_gmt":"2025-06-06T11:30:27","slug":"wer-ist-ekta-anarosh","status":"publish","type":"page","link":"https:\/\/anarosh.nl\/?page_id=235","title":{"rendered":"Wer ist Ekta Anarosh"},"content":{"rendered":"\t\t<div data-elementor-type=\"wp-page\" data-elementor-id=\"235\" class=\"elementor elementor-235\" data-elementor-post-type=\"page\">\n\t\t\t\t<div class=\"elementor-element elementor-element-1654643 e-flex e-con-boxed e-con e-parent\" data-id=\"1654643\" data-element_type=\"container\" data-settings=\"{&quot;background_background&quot;:&quot;classic&quot;}\">\n\t\t\t\t\t<div class=\"e-con-inner\">\n\t\t\t\t<div class=\"elementor-element elementor-element-3a3a1b4 elementor-nav-menu__align-justify elementor-nav-menu--dropdown-tablet elementor-nav-menu__text-align-aside elementor-nav-menu--toggle elementor-nav-menu--burger elementor-widget elementor-widget-nav-menu\" data-id=\"3a3a1b4\" data-element_type=\"widget\" data-settings=\"{&quot;layout&quot;:&quot;horizontal&quot;,&quot;submenu_icon&quot;:{&quot;value&quot;:&quot;&lt;svg class=\\&quot;e-font-icon-svg e-fas-caret-down\\&quot; viewBox=\\&quot;0 0 320 512\\&quot; xmlns=\\&quot;http:\\\/\\\/www.w3.org\\\/2000\\\/svg\\&quot;&gt;&lt;path d=\\&quot;M31.3 192h257.3c17.8 0 26.7 21.5 14.1 34.1L174.1 354.8c-7.8 7.8-20.5 7.8-28.3 0L17.2 226.1C4.6 213.5 13.5 192 31.3 192z\\&quot;&gt;&lt;\\\/path&gt;&lt;\\\/svg&gt;&quot;,&quot;library&quot;:&quot;fa-solid&quot;},&quot;toggle&quot;:&quot;burger&quot;}\" data-widget_type=\"nav-menu.default\">\n\t\t\t\t<div class=\"elementor-widget-container\">\n\t\t\t\t\t\t\t\t<nav aria-label=\"Menu\" class=\"elementor-nav-menu--main elementor-nav-menu__container elementor-nav-menu--layout-horizontal e--pointer-underline e--animation-fade\">\n\t\t\t\t<ul id=\"menu-1-3a3a1b4\" class=\"elementor-nav-menu\"><li class=\"menu-item menu-item-type-post_type menu-item-object-page menu-item-260\"><a href=\"https:\/\/anarosh.nl\/?page_id=225\" class=\"elementor-item\">Home<\/a><\/li>\n<li class=\"menu-item menu-item-type-post_type menu-item-object-page menu-item-259\"><a href=\"https:\/\/anarosh.nl\/?page_id=230\" class=\"elementor-item\">\u00dcber Anarosh<\/a><\/li>\n<li class=\"menu-item menu-item-type-post_type menu-item-object-page menu-item-258\"><a href=\"https:\/\/anarosh.nl\/?page_id=235\" class=\"elementor-item\">Wer ist Ekta Anarosh<\/a><\/li>\n<li class=\"menu-item menu-item-type-post_type menu-item-object-page menu-item-257\"><a href=\"https:\/\/anarosh.nl\/?page_id=240\" class=\"elementor-item\">Vorgehen<\/a><\/li>\n<li class=\"menu-item menu-item-type-post_type menu-item-object-page menu-item-256\"><a href=\"https:\/\/anarosh.nl\/?page_id=245\" class=\"elementor-item\">Sponsors<\/a><\/li>\n<li class=\"menu-item menu-item-type-post_type menu-item-object-page menu-item-255\"><a href=\"https:\/\/anarosh.nl\/?page_id=250\" class=\"elementor-item\">Contact<\/a><\/li>\n<\/ul>\t\t\t<\/nav>\n\t\t\t\t\t<div class=\"elementor-menu-toggle\" role=\"button\" tabindex=\"0\" aria-label=\"Menu Toggle\" aria-expanded=\"false\">\n\t\t\t<svg aria-hidden=\"true\" role=\"presentation\" class=\"elementor-menu-toggle__icon--open e-font-icon-svg e-eicon-menu-bar\" viewBox=\"0 0 1000 1000\" xmlns=\"http:\/\/www.w3.org\/2000\/svg\"><path d=\"M104 333H896C929 333 958 304 958 271S929 208 896 208H104C71 208 42 237 42 271S71 333 104 333ZM104 583H896C929 583 958 554 958 521S929 458 896 458H104C71 458 42 487 42 521S71 583 104 583ZM104 833H896C929 833 958 804 958 771S929 708 896 708H104C71 708 42 737 42 771S71 833 104 833Z\"><\/path><\/svg><svg aria-hidden=\"true\" role=\"presentation\" class=\"elementor-menu-toggle__icon--close e-font-icon-svg e-eicon-close\" viewBox=\"0 0 1000 1000\" xmlns=\"http:\/\/www.w3.org\/2000\/svg\"><path d=\"M742 167L500 408 258 167C246 154 233 150 217 150 196 150 179 158 167 167 154 179 150 196 150 212 150 229 154 242 171 254L408 500 167 742C138 771 138 800 167 829 196 858 225 858 254 829L496 587 738 829C750 842 767 846 783 846 800 846 817 842 829 829 842 817 846 804 846 783 846 767 842 750 829 737L588 500 833 258C863 229 863 200 833 171 804 137 775 137 742 167Z\"><\/path><\/svg>\t\t<\/div>\n\t\t\t\t\t<nav class=\"elementor-nav-menu--dropdown elementor-nav-menu__container\" aria-hidden=\"true\">\n\t\t\t\t<ul id=\"menu-2-3a3a1b4\" class=\"elementor-nav-menu\"><li class=\"menu-item menu-item-type-post_type menu-item-object-page menu-item-260\"><a href=\"https:\/\/anarosh.nl\/?page_id=225\" class=\"elementor-item\" tabindex=\"-1\">Home<\/a><\/li>\n<li class=\"menu-item menu-item-type-post_type menu-item-object-page menu-item-259\"><a href=\"https:\/\/anarosh.nl\/?page_id=230\" class=\"elementor-item\" tabindex=\"-1\">\u00dcber Anarosh<\/a><\/li>\n<li class=\"menu-item menu-item-type-post_type menu-item-object-page menu-item-258\"><a href=\"https:\/\/anarosh.nl\/?page_id=235\" class=\"elementor-item\" tabindex=\"-1\">Wer ist Ekta Anarosh<\/a><\/li>\n<li class=\"menu-item menu-item-type-post_type menu-item-object-page menu-item-257\"><a href=\"https:\/\/anarosh.nl\/?page_id=240\" class=\"elementor-item\" tabindex=\"-1\">Vorgehen<\/a><\/li>\n<li class=\"menu-item menu-item-type-post_type menu-item-object-page menu-item-256\"><a href=\"https:\/\/anarosh.nl\/?page_id=245\" class=\"elementor-item\" tabindex=\"-1\">Sponsors<\/a><\/li>\n<li class=\"menu-item menu-item-type-post_type menu-item-object-page menu-item-255\"><a href=\"https:\/\/anarosh.nl\/?page_id=250\" class=\"elementor-item\" tabindex=\"-1\">Contact<\/a><\/li>\n<\/ul>\t\t\t<\/nav>\n\t\t\t\t\t\t<\/div>\n\t\t\t\t<\/div>\n\t\t\t\t\t<\/div>\n\t\t\t\t<\/div>\n\t\t<div class=\"elementor-element elementor-element-37cab14 e-flex e-con-boxed e-con e-parent\" data-id=\"37cab14\" data-element_type=\"container\" data-settings=\"{&quot;background_background&quot;:&quot;slideshow&quot;,&quot;background_slideshow_gallery&quot;:[{&quot;id&quot;:33,&quot;url&quot;:&quot;https:\\\/\\\/anarosh.nl\\\/wp-content\\\/uploads\\\/2025\\\/04\\\/foto_1.jpg&quot;},{&quot;id&quot;:34,&quot;url&quot;:&quot;https:\\\/\\\/anarosh.nl\\\/wp-content\\\/uploads\\\/2025\\\/04\\\/foto_2.jpg&quot;},{&quot;id&quot;:35,&quot;url&quot;:&quot;https:\\\/\\\/anarosh.nl\\\/wp-content\\\/uploads\\\/2025\\\/04\\\/foto_3.jpg&quot;},{&quot;id&quot;:36,&quot;url&quot;:&quot;https:\\\/\\\/anarosh.nl\\\/wp-content\\\/uploads\\\/2025\\\/04\\\/foto_4.jpg&quot;}],&quot;background_slideshow_loop&quot;:&quot;yes&quot;,&quot;background_slideshow_slide_duration&quot;:5000,&quot;background_slideshow_slide_transition&quot;:&quot;fade&quot;,&quot;background_slideshow_transition_duration&quot;:500}\">\n\t\t\t\t\t<div class=\"e-con-inner\">\n\t\t\t\t\t<\/div>\n\t\t\t\t<\/div>\n\t\t<div class=\"elementor-element elementor-element-6e75fc0 e-flex e-con-boxed e-con e-parent\" data-id=\"6e75fc0\" data-element_type=\"container\" data-settings=\"{&quot;background_background&quot;:&quot;classic&quot;}\">\n\t\t\t\t\t<div class=\"e-con-inner\">\n\t\t\t\t<div class=\"elementor-element elementor-element-38d8601 elementor-widget elementor-widget-heading\" data-id=\"38d8601\" data-element_type=\"widget\" data-widget_type=\"heading.default\">\n\t\t\t\t<div class=\"elementor-widget-container\">\n\t\t\t\t\t<h2 class=\"elementor-heading-title elementor-size-default\">Wer ist Ekta Anarosh<\/h2>\t\t\t\t<\/div>\n\t\t\t\t<\/div>\n\t\t\t\t<div class=\"elementor-element elementor-element-efa1177 elementor-widget elementor-widget-text-editor\" data-id=\"efa1177\" data-element_type=\"widget\" data-widget_type=\"text-editor.default\">\n\t\t\t\t<div class=\"elementor-widget-container\">\n\t\t\t\t\t\t\t\t\t<p>Der Vorstand von Ekta Anarosh besteht neben dem Gr\u00fcnder Hubert Koekenberg aus Maarten Souverijn und Willem van den Eijkel.<\/p><p>Maarten ist Treuh\u00e4ndler bei Van Duyn &amp; Van der Geer in Noordwijk und Willem ist Notar bei Verhees Notarissen in Katwijk.<\/p><p>Das Team in Bangladesh besteht aus:<\/p>\t\t\t\t\t\t\t\t<\/div>\n\t\t\t\t<\/div>\n\t\t\t\t<div class=\"elementor-element elementor-element-93662e8 elementor-widget elementor-widget-heading\" data-id=\"93662e8\" data-element_type=\"widget\" data-widget_type=\"heading.default\">\n\t\t\t\t<div class=\"elementor-widget-container\">\n\t\t\t\t\t<h6 class=\"elementor-heading-title elementor-size-default\">Jewel Mostafizur Rahman<\/h6>\t\t\t\t<\/div>\n\t\t\t\t<\/div>\n\t\t\t\t<div class=\"elementor-element elementor-element-ce6bff6 elementor-widget elementor-widget-text-editor\" data-id=\"ce6bff6\" data-element_type=\"widget\" data-widget_type=\"text-editor.default\">\n\t\t\t\t<div class=\"elementor-widget-container\">\n\t\t\t\t\t\t\t\t\t<p>Jewel (in Bangladesh hat jeder einen Ruf- beziehungsweise Spitzamen) war seit vielen Jahren als Senior bei der Unternehmung The Guide Tours LTD, dem gr\u00f6ssten Reiseveranstalters Bangladeshs, t\u00e4tig. Zudem hat Jewel eine eigene, selbstst\u00e4ndige Agentur gegr\u00fcndet, mit welcher er Privatpersonen, Gruppen sowie Filmcrews wie Zum Beispiel von BBC und National Geographic in individuellen Reisen durch Bangladesh f\u00fchrt. Neben Bengalisch, der Nationalsprache Bangladeshs, spricht Jewel fliessend Englisch sowie Mandarin. Jewel war Huberts F\u00fchrer auf seiner ersten Reise durch Bangladesh. Mittlerweile haben die beiden eine enge Freundschaft aufgebaut \u2013 Jewel ist mitunter ein Beweggrund f\u00fcr die Gr\u00fcndung von Anarosh. Da Jewel Vollzeit in Bangladesh lebt und auch Bengale ist, ist er die geeignete Person, welche dazu beauftragt wird, die Kinder der Stiftung im Laufe des Jahres kontinuierlich zu besuchen, zu betreuen und zu evaluieren. Somit bleibt der Kontakt erhalten und es besteht die M\u00f6glichkeit, gegebenenfalls \u00c4nderungen und Anpassungen vorzunehmen.<\/p>\t\t\t\t\t\t\t\t<\/div>\n\t\t\t\t<\/div>\n\t\t\t\t<div class=\"elementor-element elementor-element-5a449c0 elementor-widget elementor-widget-heading\" data-id=\"5a449c0\" data-element_type=\"widget\" data-widget_type=\"heading.default\">\n\t\t\t\t<div class=\"elementor-widget-container\">\n\t\t\t\t\t<h6 class=\"elementor-heading-title elementor-size-default\">Elisabeth Fahrni Mansur<\/h6>\t\t\t\t<\/div>\n\t\t\t\t<\/div>\n\t\t\t\t<div class=\"elementor-element elementor-element-7f2fbbd elementor-widget elementor-widget-text-editor\" data-id=\"7f2fbbd\" data-element_type=\"widget\" data-widget_type=\"text-editor.default\">\n\t\t\t\t<div class=\"elementor-widget-container\">\n\t\t\t\t\t\t\t\t\t<p>Elisabeth ist die ehemalige CEO der Unternehmung The Guide Tours LTD. Elisabeth, von schweizerischer Herkunft, ist mit Rubaiyat Mansur, ein Bengale, verheiratet und lebt in der Hauptstadt Dhaka. Zurzeit arbeitet sie an einem Projekt, welches sich auf den Aufbau eines Bewusstseins sowie auf die Bildung der lokalen Bev\u00f6lkerung im Zusammenhang mit dem Naturschutz des Sundarban Deltas fokussiert. Erste Erfolge konnten schon verzeichnet werden, wie zum Beispiel die Einschr\u00e4nkung der Fischerei in gewissen Gew\u00e4ssern sowie die Gew\u00e4hrung der Lebensr\u00e4ume f\u00fcr S\u00fcsswasserdelphine. Elisabeth unterst\u00fctzt Jewel im Auftrag von Anarosh und dient der Stiftung als wertvolle Beraterin.<\/p>\t\t\t\t\t\t\t\t<\/div>\n\t\t\t\t<\/div>\n\t\t\t\t\t<\/div>\n\t\t\t\t<\/div>\n\t\t\t\t<\/div>\n\t\t","protected":false},"excerpt":{"rendered":"<p>Wer ist Ekta Anarosh Der Vorstand von Ekta Anarosh besteht neben dem Gr\u00fcnder Hubert Koekenberg aus Maarten Souverijn und Willem van den Eijkel. Maarten ist Treuh\u00e4ndler bei Van Duyn &amp; Van der Geer in Noordwijk und Willem ist Notar bei Verhees Notarissen in Katwijk. Das Team in Bangladesh besteht aus: Jewel Mostafizur Rahman Jewel (in [&hellip;]<\/p>\n","protected":false},"author":1,"featured_media":0,"parent":0,"menu_order":0,"comment_status":"closed","ping_status":"closed","template":"","meta":{"footnotes":""},"class_list":["post-235","page","type-page","status-publish","hentry"],"_links":{"self":[{"href":"https:\/\/anarosh.nl\/index.php?rest_route=\/wp\/v2\/pages\/235","targetHints":{"allow":["GET"]}}],"collection":[{"href":"https:\/\/anarosh.nl\/index.php?rest_route=\/wp\/v2\/pages"}],"about":[{"href":"https:\/\/anarosh.nl\/index.php?rest_route=\/wp\/v2\/types\/page"}],"author":[{"embeddable":true,"href":"https:\/\/anarosh.nl\/index.php?rest_route=\/wp\/v2\/users\/1"}],"replies":[{"embeddable":true,"href":"https:\/\/anarosh.nl\/index.php?rest_route=%2Fwp%2Fv2%2Fcomments&post=235"}],"version-history":[{"count":13,"href":"https:\/\/anarosh.nl\/index.php?rest_route=\/wp\/v2\/pages\/235\/revisions"}],"predecessor-version":[{"id":458,"href":"https:\/\/anarosh.nl\/index.php?rest_route=\/wp\/v2\/pages\/235\/revisions\/458"}],"wp:attachment":[{"href":"https:\/\/anarosh.nl\/index.php?rest_route=%2Fwp%2Fv2%2Fmedia&parent=235"}],"curies":[{"name":"wp","href":"https:\/\/api.w.org\/{rel}","templated":true}]}}